422?
-13112412431
In base 5, what is 2333030 + 443341?
3331421
In base 3, what is 20 - 12211210201111?
-12211210201021
In base 5, what is -23210404 - 31?
-23210440
In base 12, what is -308 - 1a078?
-1a384
In base 12, what is 483489 + -11?
483478
In base 10, what is -687139 + 1?
-687138
In base 8, what is -52 + 33203654?
33203602
In base 2, what is -10111 - -101000100110010101?
101000100101111110
In base 3, what is -12 + 120222011001200?
120222011001111
In base 9, what is -45 - -11151233?
11151177
In base 11, what is -80a28248 - -3?
-80a28245
In base 9, what is -22 - -56608?
56576
In base 9, what is -65648376 + 2?
-65648374
In base 15, what is 8 + 87ac?
87b5
In base 2, what is 111101100101110101100 + -10100?
111101100101110011000
In base 11, what is -7 - -1351987?
1351980
In base 14, what is -1317da92 + -2?
-1317da94
In base 13, what is -1 - 1507815?
-1507816
In base 13, what is 76a - 3636?
-2b99
In base 8, what is -406167 - 74?
-406263
In base 7, what is -114 - -4132145?
4132031
In base 15, what is -5 - -38a1141?
38a113b
In base 11, what is -23017 - a6?
-23112
In base 14, what is -1 + 1410c33?
1410c32
In base 15, what is 275 + 1ce7?
206c
In base 14, what is 184406 + -56?
184390
In base 12, what is 1021b1 + 137b?
103570
In base 9, what is -6 - -3247357?
3247351
In base 15, what is -20d + 1eb7b6?
1eb5a8
In base 10, what is 180202 - 481?
179721
In base 10, what is -239 - 186614?
-186853
In base 4, what is 3210103311 + 11?
3210103322
In base 8, what is 6547 + -12762?
-4213
In base 7, what is -4056663 + -22?
-4060015
In base 11, what is 4721a2 + -5?
472198
In base 16, what is 1d44a - 3f1?
1d059
In base 12, what is 2a30 + 132?
2b62
In base 15, what is -19174 - 157?
-192cb
In base 12, what is 156160b4b + 2?
156160b51
In base 10, what is 5210 - -13507?
18717
In base 16, what is -277173a1 + 4?
-2771739d
In base 8, what is 334506 + -1170?
333316
In base 10, what is -210067 - -108?
-209959
In base 8, what is -150 + 354312?
354142
In base 7, what is -114562 - -251?
-114311
In base 7, what is 311 + 13416444?
13420055
In base 14, what is 250 - 19c79?
-19a29
In base 6, what is 11432 - 113342?
-101510
In base 4, what is -1302311020220 + 0?
-1302311020220
In base 13, what is 30 - -8626?
8656
In base 9, what is 2668205 + -12?
2668183
In base 10, what is 7 - -39836428?
39836435
In base 7, what is 6260 + -1126256?
-1116666
In base 3, what is 20121000011 - -22221001?
20220221012
In base 13, what is -a3 + -1a33a2b?
-1a33b01
In base 6, what is 1021 - 222543?
-221522
In base 6, what is -4142543 + 23?
-4142520
In base 10, what is -1283817 + 4?
-1283813
In base 5, what is -4 - -21412042440?
21412042431
In base 14, what is 2 + 1bb9cc8?
1bb9cca
In base 11, what is -127498 - 865?
-128252
In base 9, what is 354 + -78342?
-77877
In base 3, what is -21010 + -112220000102?
-112220021112
In base 6, what is -4105152 + 45?
-4105103
In base 7, what is 46510 + -56162?
-6352
In base 10, what is 144 - 1322?
-1178
In base 4, what is -12200020233 + -11?
-12200020310
In base 2, what is -10001001001 + 1000100000100110?
1000001111011101
In base 10, what is 183852476 + 2?
183852478
In base 14, what is -67 + -1620?
-1687
In base 15, what is ae - 12e4eb?
-12e43c
In base 11, what is 3 + -262061?
-262059
In base 9, what is -6644602 + 6?
-6644585
In base 13, what is -460a02 + 12?
-4609c0
In base 11, what is 1a23 + -12688?
-10765
In base 7, what is -166 + -111124303?
-111124502
In base 11, what is -14113a + 60?
-14108a
In base 2, what is 100111101 + -1100111001101001010?
-1100111001000001101
In base 3, what is -22112002112200111 - -10?
-22112002112200101
In base 12, what is 5861 - 20?
5841
In base 7, what is -2425505 + -45?
-2425553
In base 8, what is -22 + -2100370?
-2100412
In base 12, what is 9810ab2 + 17?
9810b09
In base 7, what is 1066 + 11656335?
11660434
In base 2, what is 110111011 - -10010111001110001?
10011000000101100
In base 16, what is -31ccc517 - 0?
-31ccc517
In base 11, what is -10 + 38539a10?
38539a00
In base 11, what is -1217 + 344?
-983
In base 4, what is 2312312022322 - -3?
2312312022331
In base 16, what is 10 + -407b99?
-407b89
In base 2, what is -1000 + -110010110010000000000111?
-110010110010000000001111
In base 16, what is 7c + c77?
cf3
In base 5, what is 233413 - 223?
233140
In base 5, what is -241304 + 1000330?
204021
In base 14, what is 4d6 - -44d8d?
45485
In base 9, what is -2 + -2635502?
-2635504
In base 9, what is -6 + -51623452?
-51623458
In base 9, what is 5 - 77732076?
-77732071
In base 5, what is -2143210 + 321?
-2142334
In base 3, what is -2101 - -1112201112110?
1112201110002
In base 5, what is -31002230440 + 3?
-31002230432
In base 13, what is 44ca179 + -5?
44ca174
In base 3, what is 0 + 20212201210122?
20212201210122
In base 5, what is 124402 - 143123?
-13221
In base 16, what is 13e9 + -13580?
-12197
In base 4, what is 111102133120 + -223?
111102132231
In base 5, what is -112 - 1020411442?
-1020412104
In base 4, what is 22 - -1321321001?
1321321023
In base 14, what is -6359764 - 2?
-6359766
In base 14, what is -2b - -1ba692?
1ba665
In base 11, what is -14899063 - 6?
-14899069
In base 5, what is -3223010223 - -31?
-3223010142
In base 14, what is -1c045 - 27?
-1c06c
In base 5, what is -3 - 2032234224?
-2032234232
In base 14, what is 2 - 156a83d?
-156a83b
In base 6, what is -13553320 - -115?
-13553201
In base 2, what is 1001000100000111011101 - 0?
1001000100000111011101
In base 10, what is -225 - -46099?
45874
In base 7, what is -10465 + 36602?
26104
In base 16, what is -8 - -5d8e1fa?
5d8e1f2
In base 11, what is -5 + -6475138?
-6475142
In base 15, what is 14d6dc - 1b?
14d6c1
In base 6, what is 40 + 132340512?
132340552
In base 16, what is 2 - 31a4c5?
-31a4c3
In base 9, what is -14538114 + 5?
-14538108
In base 10, what is 124 - -360594?
360718
In base 5, what is 231003014 + 2200?
231010214
In base 2, what is -11010 + -1011101001100110110?
-1011101001101010000
In base 15, what is -ce + -2477e2?
-2478c1
In base 13, what is -233 + -13428?
-1365b
In base 14, what is 40d9 - 24dc?
19db
In base 4, what is 221111233133032 + 3?
221111233133101
In base 12, what is -169a75 + -19?
-169a92
In base 13, what is 3a15 + 366?
407b
In base 13, what is 545 + 47c4c?
48494
In base 10, what is 4769200 + 4?
4769204
In base 15, what is 4b + 37baa2?
37baed
In base 11, what is -27222567 - 1?
-27222568
In base 3, what is -2201000 - -1111022?
-1012201
In base 16, what is 36 + 13789?
137bf
In base 3, what is 1120211022 - 100012?
1120111010
In base 14, what is 4c1 - -4d691?
4db72
In base 6, what is -1211 + -5322512?
-5324123
In base 13, what is 3a865236 - 1?
3a865235
In base 9, what is -174 - -235250?
235065
In base 11, what is 397 - -7298?
7684
In base 11, what is -1a3a + 1111?
-929
In base 9, what is -161 - -287812?
287641
In base 15, what is 39de3be + -1?
39de3bd
In base 5, what is -1422141414 + -2?
-1422141421
In base 7, what is -251536215 - 3?
-251536221
In base 12, what is 1600 + 2084?
3684
In base 13, what is 471717 - 5?
471712
In base 9, what is -6235 - -38442?
32206
In base 9, what is -1002052 + 48?
-1002003
In base 7, what is 0 + -2512160560?
-2512160560
In base 3, what is 1021201021 - -1112?
1021202210
In base 9, what is -8526 + -101515?
-111142
In base 7, what is -3255 - -54034?
50446
In base 4, what is 3 - 1132121020?
-1132121011
In base 11, what is 0 - 4445967?
-4445967
In base 4, what is -1222130221330 - -11?
-1222130221313
In base 15, what is 19 - 3b979?
-3b960
In base 16, what is 1cacf58 - 9?
1cacf4f
In base 7, what is -3 + 3101141?
3101135
In base 7, what is 155204 - 4601?
150303
In base 3, what is 210222112022112 + 1022?
210222112100211
In base 13, what is 2a + 2abab?
2ac08
In base 2, what is 100 - 1110101010001100000110111?
-1110101010001100000110011
In base 2, what is -101011000100011110101 - 1100111?
-101011000100101011100
In base 2, what is -10110000011 - -10011110001101?
10001000001010
In base 8, what is -171573 - -226?
-171345
In base 14, what is -1956 + 305?
-1651
In base 5, what is 121 - -244141401?
244142022
In base 10, what is 195887 + -107?
195780
In base 16, what is -54a1619 + -4?
-54a161d
In base 6, what is -20340215 + 5003?
-20331212
In base 16, what is -122 + -5997c?
-59a9e
In base 6, what is 50 + 53553324?
53553414
In base 14, what is 1b31 - -a59d?
c2d0
